8 is divided by -1*(-4)/(-12)*-45.
13
Let s(p) = -p**2 + 2*p + 4. Let t be s(4). Let i be (44/(-3))/(t/6). Let a = i - 12. Calculate the remainder when 19 is divided by a.
9
Let o(l) = -l**2 + 7*l + 8. Let z(b) = -1. Let v(a) = o(a) + 5*z(a). What is the remainder when 26 is divided by v(6)?
8
Suppose -12 = -f - 3. Calculate the remainder when f is divided by ((-10)/(-4) + -2)*6.
0
Suppose x = -38 + 64. What is the remainder when 101 is divided by x?
23
Let x be 1/(-8) - 1002/48. Let i be (29/(-3))/(2/(-6)). Let p = x + i. Calculate the remainder when 22 is divided by p.
6
Let u(w) = -6*w + 2. Calculate the remainder when u(-5) is divided by -33*(-2 + 30/18).
10
Suppose v + 2*r = 45, 5*v - r = 3*r + 225. Let p = -31 + v. Suppose -3*z = -8 - 4. Calculate the remainder when p is divided by z.
2
Let a(o) = 3*o - 9. Calculate the remainder when a(9) is divided by (5 + -3)/2 - -4.
3
Let b(j) = -j**2 + 8*j - 6. Let v be b(5). Let i(z) = 2*z. Calculate the remainder when i(v) is divided by 10.
8
Suppose -3*p = -6 - 3. Suppose -2 = p*z - 20. What is the remainder when 21 is divided by z?
3
Let y(g) = g**3 + 4*g**2 - 5*g - 1. Calculate the remainder when 55 is divided by y(-4).
17
Let g(m) = -5*m - 2. Let d be g(-2). Let k(s) = -s**3 + 8*s**2 + 4*s + 7. What is the remainder when k(d) is divided by 14?
11
Suppose -m - n + 2 = 0, -3*n + 12 = -6*n. What is the remainder when (1 - 0/5*1) + 14 is divided by m?
3
Suppose 3*f + 2 = 4*l - 5*l, 4*f + 1 = -l. Let u = f + 4. Calculate the remainder when 8 is divided by u.
3
Suppose -66 = 14*k - 16*k. Calculate the remainder when 63 is divided by k.
30
Let j = -3 - -6. Let g = -1 + -3. Let n = g - -8. What is the remainder when n is divided by j?
1
Let b(w) = w**3 + 8*w**2 + 6*w + 2. Let p be -7 + -2 + (-4)/(-2). What is the remainder when 17 is divided by b(p)?
8
Suppose m + 5*p = -m + 61, -58 = -m + 3*p. Calculate the remainder when 212 is divided by m.
40
Suppose 3*n - 261 = -5*b, 3*b + 5 = 14. Calculate the remainder when n is divided by 22.
16
Suppose f - 46 = 36. Calculate the remainder when f is divided by 29.
24
Suppose 5*t = 10 - 5, t = 4*w - 155. Suppose -3*u - 5*y - 19 = -4*u, -5*u = 5*y - 65. What is the remainder when u is divided by 13/3 - (-26)/w?
4
Suppose -x - 5 = -36. Calculate the remainder when x is divided by -2 + (-2 - -1)*-18.
15
Suppose -6*d = -3*d + 3*l - 21, -l - 3 = -4*d. Suppose d*o - 65 = -3*o. Calculate the remainder when 50 is divided by o.
11
Suppose 2 = 3*g - 10. Let i = 155 + -109. Calculate the remainder when i is divided by g*(-1 - 0)*-4.
14
Let c(g) = -g**2 + 3*g - 4. Let v be c(3). Calculate the remainder when v/(8/4) - -20 is divided by 5.
3
Suppose -2*m + 4*y = 3*m - 72, 90 = 5*m + 5*y. What is the remainder when 58 is divided by m?
10
Suppose 0 = 16*r - 4 - 188. Calculate the remainder when 191 is divided by r.
11
Suppose -12*f + 165 = -7*f. Suppose 3*u + f = 4*p - 2*u, 0 = -p - 5*u - 23. What is the remainder when p is divided by 2?
0
Suppose 3*q - 17 = 28. What is the remainder when q is divided by 9?
6
Suppose -16 = -5*f + 3*f. Calculate the remainder when 29 is divided by f.
5
Suppose -a + 13 = 2*g, a + 28 = 2*g + 9. Calculate the remainder when 21 is divided by (3 + -1)/(2/g).
5
Let z = 1 + -14. Let p = -8 - z. Suppose -5*u + 34 = 4*s, 4*s - 4*u + 3 = p*s. Calculate the remainder when 32 is divided by s.
10
Suppose 0 = -2*j - 2*b, 3*b + 30 = j + 2*j. Suppose 45 = 5*i - 5*l, i - 3*l = -j*l. What is the remainder when i/(-21) + 316/28 is divided by 6?
5
Let c = 18 - 29. Let h = c - -28. Suppose -2*o + 24 = y + 8, -5*o - 5 = -5*y. What is the remainder when h is divided by y?
5
Suppose -82 = -31*s + 29*s. Calculate the remainder when 80 is divided by s.
39
Suppose -x + 47 = -12. Suppose 2*g = -3*a + x, 0 = -g - g + 2. What is the remainder when 43 - -3 - -6 - -3 is divided by a?
17
Suppose d - 4*r = -37 - 2, -6 = -d - 5*r. Let t = d + 35. Let f = 39 + -8. What is the remainder when f is divided by t?
15
Let t(u) = u**3 - 9*u**2 - 9*u + 1. Let n be t(10). Suppose -2*g - g - 4*x + 31 = 0, 0 = -g + 4*x - n. Calculate the remainder when g is divided by 3.
2
Suppose -28 = 5*m + 4*g, g = -2*m - 18 + 5. Let q be 2/m + 210/8. Calculate the remainder when q - 0/(3/3) is divided by 14.
12
What is the remainder when 85 is divided by 16/(-12) + (-140)/(-6)?
19
Suppose g - 3*q = -3*g - 23, q = -g + 3. Let f be (g/(-4))/(1/2). Calculate the remainder when 46 + (1 - f) + 1 is divided by 16.
15
Suppose 5*j + 5*f - 135 = 0, -4*j + 0*j + f + 123 = 0. Suppose -108 = -l - j. Calculate the remainder when l is divided by 27.
24
Suppose 0*f + 68 = 2*f. Calculate the remainder when 65 is divided by f.
31
Suppose -5*g - 11 = -156. Calculate the remainder when g is divided by 3 + 1/(3/15).
5
Let g = 34 - 21. What is the remainder when 24 is divided by g?
11
Suppose -18 = -0*m - 2*m. Let g = -1 - m. What is the remainder when (-8)/(-20) + (-66)/g is divided by 4?
3
Let q(f) = -6*f - 34. What is the remainder when q(-9) is divided by 6?
2
Let t = -58 - -23. What is the remainder when 17 is divided by 10/t + (-37)/(-7)?
2
Let z = 7 - 0. Calculate the remainder when 18 is divided by z.
4
What is the remainder when 20/(-7)*(7 + -14) is divided by 11?
9
Let x(m) = 6 + 0 - 3 + 6*m. Suppose w + 0*w - 12 = -n, 4*w = -3*n + 43. What is the remainder when x(4) is divided by w?
6
Let t = -25 + 42. Calculate the remainder when 50 is divided by t.
16
Let g = -17 - -33. Let d(w) = 5*w - 2. Let x be d(5). Suppose -5*p + x = -212. What is the remainder when p is divided by g?
15
Suppose 3*x = -0*x. Suppose -6 + x = r - 5*z, 0 = -5*r + z + 18. Suppose r*f = -f + 55. What is the remainder when 31 is divided by f?
9
Let n(o) = o + 8. Let u be n(-8). Suppose 4*f + 20 = 3*b - 1, 5*f = u. Calculate the remainder when 32 is divided by b.
4
Suppose 2*s = 5*r - 24, -5*r - 3*s - 2*s = -45. What is the remainder when 27 is divided by r?
3
Let d = 189 + -175. Calculate the remainder when 64 is divided by d.
8
Suppose 2*s - 48 = -4*l, -2*s + 36 = 3*l - 0*s. Calculate the remainder when l is divided by 7.
5
Let h be (-124)/(-7) - 4/(-14). Suppose -8 = -2*f + h. Calculate the remainder when 38 is divided by f.
12
Let r(l) = l + l**3 + 4 - 2*l**2 - 2 + l. Suppose 5*v = 4*p - p + 4, -4*v = -8. Calculate the remainder when 11 is divided by r(p).
5
Suppose -8 = -2*a, -38 = -2*g + 2*a + 2*a. What is the remainder when 107 is divided by g?
26
Suppose 2*o + 1 = -5*w + 7, o - 4 = -3*w. What is the remainder when 53 is divided by 3/w + (-25)/(-2)?
11
Suppose -3*u - 4 + 10 = 0. Suppose -u*n = 2*n - 72. Calculate the remainder when (n - -3)*12/14 is divided by 10.
8
Let j = -8 + 5. Let u = 27 - 15. What is the remainder when 1*(-1)/j*69 is divided by u?
11
What is the remainder when 11 is divided by 0 - (12/15)/2*-5?
1
Let g = -4 - -4. Let d(b) = b**2 + b + g*b + b + 7 + 2*b. What is the remainder when d(5) is divided by 18?
16
Let z = 36 + -26. What is the remainder when 37 is divided by z?
7
Suppose 0 = 2*l - 3*o - 68, -l - 4*l = -5*o - 175. Suppose 2*a - a - 13 = 0. What is the remainder when l is divided by a?
11
Let j = 13 + -5. Suppose -3*m = 5*z - 35, -5*m + j = -z - 13. Suppose -4*q + 9*q + 46 = 3*y, z*y - 3*q - 76 = 0. Calculate the remainder when y is divided by 8.
6
Suppose 2*m + 16 = 6*m. Suppose 0 = -s + m*s - 9, 4*y - 46 = -2*s. Calculate the remainder when 19 is divided by y.
9
Let y(i) = 0*i**3 + 6 - 5*i**2 + i**3 + 3 - 3*i - 2*i. Calculate the remainder when 28 is divided by y(6).
13
Suppose 3*h - n - 128 = 0, 3*h - 118 = -3*n + 2*n. Calculate the remainder when h is divided by 21.
20
Let u(k) be the third derivative of -k**6/120 + 7*k**5/60 - k**4/4 + 2*k**2. Let o = 1 - -3. Calculate the remainder when u(o) is divided by 13.
11
Suppose 4*y = m + y - 11, 10 = -5*y. Let q = 17 - m. What is the remainder when q is divided by 7?
5
Let d = -1 - -3. Suppose 1 + d = i. What is the remainder when 4 is divided by i?
1
Let r(h) = h**3 + 7*h**2 + 4*h - 11. What is the remainder when (-212)/(-6) + 4/6 is divided by r(-5)?
17
Suppose -3*a - 45 = -6*a. Calculate the remainder when a is divided by 9.
6
Suppose 0 = -4*c + 39 - 3. Let m(k) = 23*k + 1. Calculate the remainder when m(1) is divided by c.
6
Let h(m) = m**2 + 6*m - 11. 